{"id":167,"date":"2023-04-18T14:15:34","date_gmt":"2023-04-18T13:15:34","guid":{"rendered":"https:\/\/multi-mam.com\/pt\/?page_id=167"},"modified":"2023-04-20T07:39:55","modified_gmt":"2023-04-20T06:39:55","slug":"a-primeira-denticao-pode-causar-febre","status":"publish","type":"page","link":"https:\/\/multi-mam.com\/pt\/artigos\/primeira-denticao\/a-primeira-denticao-pode-causar-febre\/","title":{"rendered":"A primeira denti\u00e7\u00e3o pode causar febre?"},"content":{"rendered":"\n<div class=\"wp-block-karopharma-free-text pt-large pb-large bg-center bg-cover bg-no-repeat  is-style-primary\" style=\"background-image:url()\"><div class=\"free-text-wrapper container max-w-medium text-left\">\n<h1 class=\"wp-block-heading\">A primeira denti\u00e7\u00e3o pode causar febre?<\/h1>\n\n\n\n<p class=\"is-style-paragraph-preamble\">A primeira denti\u00e7\u00e3o geralmente ocorre aos 6 meses de idade. Apesar de a ordem de nascimento dos dentes ser geralmente a mesma, a idade em que aparecem pode variar significativamente, por isso n\u00e3o deve ser surpresa se o beb\u00e9 come\u00e7ar a mostrar sinais de nascimento dos dentes aos tr\u00eas meses. A maioria dos beb\u00e9s ter\u00e1 toda a denti\u00e7\u00e3o de leite at\u00e9 aos 3 anos. Todas as crian\u00e7as com cerca de 6 anos de idade ir\u00e3o progressivamente substituindo os dentes de leite pelos definitivos. Este processo demora algum tempo, at\u00e9 que os dentes do siso nas\u00e7am entre os 17 e os 21 anos de idade.<\/p>\n<\/div><\/div>\n\n\n\n<div class=\"wp-block-karopharma-free-text pt-large pb-large bg-center bg-cover bg-no-repeat\" style=\"background-image:url()\"><div class=\"free-text-wrapper container max-w-medium text-left\">\n<p>O processo de denti\u00e7\u00e3o pode ser bastante desconfort\u00e1vel para os beb\u00e9s e pais. Normalmente inicia-se a cerca de quatro dias antes da erup\u00e7\u00e3o do dente pela gengiva e prolonga-se mais tr\u00eas dias. Durante este per\u00edodo, o seu beb\u00e9 poder\u00e1 apresentar certos sintomas, incluindo babar excessivamente, irritabilidade, morder, fric\u00e7\u00e3o da gengiva, constante suc\u00e7\u00e3o, decr\u00e9scimo do apetite de alimentos s\u00f3lidos, etc.<\/p>\n\n\n\n<h2 class=\"is-style-heading-h2 wp-block-heading\">Febre alta n\u00e3o \u00e9 um sinal de denti\u00e7\u00e3o<\/h2>\n\n\n\n<p>Existe um mito antigo entre os pais, que diz que a febre pode ser associada ao processo de denti\u00e7\u00e3o.<\/p>\n\n\n\n<p>Temperaturas elevadas podem ocorrer durante o processo de erup\u00e7\u00e3o do dente. Pode acontecer no dia antes e no dia em que o dente rasga atrav\u00e9s da gengiva. Contudo, qualquer temperatura mais alta do que 38.9\u00b0C n\u00e3o deve ser considerada efeito da denti\u00e7\u00e3o, mas sim um sintoma preocupante que deve ser verificado pelo pediatra do seu beb\u00e9.<\/p>\n\n\n\n<p>Apesar de pais e especialistas entrarem em desacordo sobre o que s\u00e3o efeitos normais da denti\u00e7\u00e3o, todos concordam que sintomas graves n\u00e3o devem ser ignorados e atribu\u00eddos \u00e0 denti\u00e7\u00e3o. Por isso, se o seu beb\u00e9 desenvolver algum destes sintomas durante a denti\u00e7\u00e3o:.<\/p>\n\n\n\n<p>Even though both parents and experts sometimes disagree about what are normal side effects of teething, everyone agrees on one thing \u2013 serious symptoms should not be ignored and attributed to teething. Therefore, if your baby develops any of the following symptoms while teething:<\/p>\n\n\n\n<ul class=\"is-style-default wp-block-list\"><li>Temperatura mais alta que 38,9\u00b0C<\/li><li>Tosse<\/li><li>Nariz com expetora\u00e7\u00e3o<\/li><li>Reduz o n\u00famero de vezes que urina<\/li><li>Vomita<\/li><li>Tem diarreia intensa<\/li><\/ul>\n\n\n\n<p>Contacte o seu m\u00e9dico. Estes sintomas podem ser sinais de infe\u00e7\u00e3o e requerem aten\u00e7\u00e3o m\u00e9dica para receber o tratamento adequado.<\/p>\n<\/div><\/div>\n","protected":false},"excerpt":{"rendered":"","protected":false},"author":2,"featured_media":0,"parent":78,"menu_order":10,"comment_status":"closed","ping_status":"closed","template":"","meta":{"_acf_changed":false,"footnotes":""},"from-article-database":[],"class_list":["post-167","page","type-page","status-publish","hentry"],"acf":[],"yoast_head":"<!-- This site is optimized with the Yoast SEO plugin v26.6 - https:\/\/yoast.com\/wordpress\/plugins\/seo\/ -->\n<title>A primeira denti\u00e7\u00e3o pode causar febre? - Multi-Mam<\/title>\n<meta name=\"description\" content=\"Existe um mito antigo entre os pais, que diz que a febre pode ser associada ao processo de denti\u00e7\u00e3o. Temperaturas elevadas podem ocorrer durante o processo de erup\u00e7\u00e3o do dente. Pode acontecer no dia antes e no dia em que o dente rasga atrav\u00e9s da gengiva.\" \/>\n<meta name=\"robots\" content=\"index, follow, max-snippet:-1, max-image-preview:large, max-video-preview:-1\" \/>\n<link rel=\"canonical\" href=\"https:\/\/multi-mam.com\/pt\/artigos\/primeira-denticao\/a-primeira-denticao-pode-causar-febre\/\" \/>\n<meta property=\"og:locale\" content=\"pt_PT\" \/>\n<meta property=\"og:type\" content=\"article\" \/>\n<meta property=\"og:title\" content=\"A primeira denti\u00e7\u00e3o pode causar febre? - Multi-Mam\" \/>\n<meta property=\"og:description\" content=\"Existe um mito antigo entre os pais, que diz que a febre pode ser associada ao processo de denti\u00e7\u00e3o. Temperaturas elevadas podem ocorrer durante o processo de erup\u00e7\u00e3o do dente. Pode acontecer no dia antes e no dia em que o dente rasga atrav\u00e9s da gengiva.\" \/>\n<meta property=\"og:url\" content=\"https:\/\/multi-mam.com\/pt\/artigos\/primeira-denticao\/a-primeira-denticao-pode-causar-febre\/\" \/>\n<meta property=\"og:site_name\" content=\"Multi-Mam\" \/>\n<meta property=\"article:modified_time\" content=\"2023-04-20T06:39:55+00:00\" \/>\n<meta name=\"twitter:card\" content=\"summary_large_image\" \/>\n<meta name=\"twitter:label1\" content=\"Tempo estimado de leitura\" \/>\n\t<meta name=\"twitter:data1\" content=\"3 minutos\" \/>\n<script type=\"application\/ld+json\" class=\"yoast-schema-graph\">{\"@context\":\"https:\/\/schema.org\",\"@graph\":[{\"@type\":\"WebPage\",\"@id\":\"https:\/\/multi-mam.com\/pt\/artigos\/primeira-denticao\/a-primeira-denticao-pode-causar-febre\/\",\"url\":\"https:\/\/multi-mam.com\/pt\/artigos\/primeira-denticao\/a-primeira-denticao-pode-causar-febre\/\",\"name\":\"A primeira denti\u00e7\u00e3o pode causar febre? - Multi-Mam\",\"isPartOf\":{\"@id\":\"https:\/\/multi-mam.com\/pt\/#website\"},\"datePublished\":\"2023-04-18T13:15:34+00:00\",\"dateModified\":\"2023-04-20T06:39:55+00:00\",\"description\":\"Existe um mito antigo entre os pais, que diz que a febre pode ser associada ao processo de denti\u00e7\u00e3o. Temperaturas elevadas podem ocorrer durante o processo de erup\u00e7\u00e3o do dente. Pode acontecer no dia antes e no dia em que o dente rasga atrav\u00e9s da gengiva.\",\"breadcrumb\":{\"@id\":\"https:\/\/multi-mam.com\/pt\/artigos\/primeira-denticao\/a-primeira-denticao-pode-causar-febre\/#breadcrumb\"},\"inLanguage\":\"pt-PT\",\"potentialAction\":[{\"@type\":\"ReadAction\",\"target\":[\"https:\/\/multi-mam.com\/pt\/artigos\/primeira-denticao\/a-primeira-denticao-pode-causar-febre\/\"]}]},{\"@type\":\"BreadcrumbList\",\"@id\":\"https:\/\/multi-mam.com\/pt\/artigos\/primeira-denticao\/a-primeira-denticao-pode-causar-febre\/#breadcrumb\",\"itemListElement\":[{\"@type\":\"ListItem\",\"position\":1,\"name\":\"Home\",\"item\":\"https:\/\/multi-mam.com\/pt\/\"},{\"@type\":\"ListItem\",\"position\":2,\"name\":\"Artigos\",\"item\":\"https:\/\/multi-mam.com\/pt\/artigos\/\"},{\"@type\":\"ListItem\",\"position\":3,\"name\":\"Primeira denti\u00e7\u00e3o\",\"item\":\"https:\/\/multi-mam.com\/pt\/artigos\/primeira-denticao\/\"},{\"@type\":\"ListItem\",\"position\":4,\"name\":\"A primeira denti\u00e7\u00e3o pode causar febre?\"}]},{\"@type\":\"WebSite\",\"@id\":\"https:\/\/multi-mam.com\/pt\/#website\",\"url\":\"https:\/\/multi-mam.com\/pt\/\",\"name\":\"Multi-Mam\",\"description\":\"\",\"publisher\":{\"@id\":\"https:\/\/multi-mam.com\/pt\/#organization\"},\"potentialAction\":[{\"@type\":\"SearchAction\",\"target\":{\"@type\":\"EntryPoint\",\"urlTemplate\":\"https:\/\/multi-mam.com\/pt\/?s={search_term_string}\"},\"query-input\":{\"@type\":\"PropertyValueSpecification\",\"valueRequired\":true,\"valueName\":\"search_term_string\"}}],\"inLanguage\":\"pt-PT\"},{\"@type\":\"Organization\",\"@id\":\"https:\/\/multi-mam.com\/pt\/#organization\",\"name\":\"Multi-Mam\",\"url\":\"https:\/\/multi-mam.com\/pt\/\",\"logo\":{\"@type\":\"ImageObject\",\"inLanguage\":\"pt-PT\",\"@id\":\"https:\/\/multi-mam.com\/pt\/#\/schema\/logo\/image\/\",\"url\":\"https:\/\/multi-mam.com\/app\/uploads\/sites\/26\/2023\/04\/multi-mam-logotype.png\",\"contentUrl\":\"https:\/\/multi-mam.com\/app\/uploads\/sites\/26\/2023\/04\/multi-mam-logotype.png\",\"width\":70,\"height\":96,\"caption\":\"Multi-Mam\"},\"image\":{\"@id\":\"https:\/\/multi-mam.com\/pt\/#\/schema\/logo\/image\/\"}}]}<\/script>\n<!-- \/ Yoast SEO plugin. -->","yoast_head_json":{"title":"A primeira denti\u00e7\u00e3o pode causar febre? - Multi-Mam","description":"Existe um mito antigo entre os pais, que diz que a febre pode ser associada ao processo de denti\u00e7\u00e3o. Temperaturas elevadas podem ocorrer durante o processo de erup\u00e7\u00e3o do dente. Pode acontecer no dia antes e no dia em que o dente rasga atrav\u00e9s da gengiva.","robots":{"index":"index","follow":"follow","max-snippet":"max-snippet:-1","max-image-preview":"max-image-preview:large","max-video-preview":"max-video-preview:-1"},"canonical":"https:\/\/multi-mam.com\/pt\/artigos\/primeira-denticao\/a-primeira-denticao-pode-causar-febre\/","og_locale":"pt_PT","og_type":"article","og_title":"A primeira denti\u00e7\u00e3o pode causar febre? - Multi-Mam","og_description":"Existe um mito antigo entre os pais, que diz que a febre pode ser associada ao processo de denti\u00e7\u00e3o. Temperaturas elevadas podem ocorrer durante o processo de erup\u00e7\u00e3o do dente. Pode acontecer no dia antes e no dia em que o dente rasga atrav\u00e9s da gengiva.","og_url":"https:\/\/multi-mam.com\/pt\/artigos\/primeira-denticao\/a-primeira-denticao-pode-causar-febre\/","og_site_name":"Multi-Mam","article_modified_time":"2023-04-20T06:39:55+00:00","twitter_card":"summary_large_image","twitter_misc":{"Tempo estimado de leitura":"3 minutos"},"schema":{"@context":"https:\/\/schema.org","@graph":[{"@type":"WebPage","@id":"https:\/\/multi-mam.com\/pt\/artigos\/primeira-denticao\/a-primeira-denticao-pode-causar-febre\/","url":"https:\/\/multi-mam.com\/pt\/artigos\/primeira-denticao\/a-primeira-denticao-pode-causar-febre\/","name":"A primeira denti\u00e7\u00e3o pode causar febre? - Multi-Mam","isPartOf":{"@id":"https:\/\/multi-mam.com\/pt\/#website"},"datePublished":"2023-04-18T13:15:34+00:00","dateModified":"2023-04-20T06:39:55+00:00","description":"Existe um mito antigo entre os pais, que diz que a febre pode ser associada ao processo de denti\u00e7\u00e3o. Temperaturas elevadas podem ocorrer durante o processo de erup\u00e7\u00e3o do dente. Pode acontecer no dia antes e no dia em que o dente rasga atrav\u00e9s da gengiva.","breadcrumb":{"@id":"https:\/\/multi-mam.com\/pt\/artigos\/primeira-denticao\/a-primeira-denticao-pode-causar-febre\/#breadcrumb"},"inLanguage":"pt-PT","potentialAction":[{"@type":"ReadAction","target":["https:\/\/multi-mam.com\/pt\/artigos\/primeira-denticao\/a-primeira-denticao-pode-causar-febre\/"]}]},{"@type":"BreadcrumbList","@id":"https:\/\/multi-mam.com\/pt\/artigos\/primeira-denticao\/a-primeira-denticao-pode-causar-febre\/#breadcrumb","itemListElement":[{"@type":"ListItem","position":1,"name":"Home","item":"https:\/\/multi-mam.com\/pt\/"},{"@type":"ListItem","position":2,"name":"Artigos","item":"https:\/\/multi-mam.com\/pt\/artigos\/"},{"@type":"ListItem","position":3,"name":"Primeira denti\u00e7\u00e3o","item":"https:\/\/multi-mam.com\/pt\/artigos\/primeira-denticao\/"},{"@type":"ListItem","position":4,"name":"A primeira denti\u00e7\u00e3o pode causar febre?"}]},{"@type":"WebSite","@id":"https:\/\/multi-mam.com\/pt\/#website","url":"https:\/\/multi-mam.com\/pt\/","name":"Multi-Mam","description":"","publisher":{"@id":"https:\/\/multi-mam.com\/pt\/#organization"},"potentialAction":[{"@type":"SearchAction","target":{"@type":"EntryPoint","urlTemplate":"https:\/\/multi-mam.com\/pt\/?s={search_term_string}"},"query-input":{"@type":"PropertyValueSpecification","valueRequired":true,"valueName":"search_term_string"}}],"inLanguage":"pt-PT"},{"@type":"Organization","@id":"https:\/\/multi-mam.com\/pt\/#organization","name":"Multi-Mam","url":"https:\/\/multi-mam.com\/pt\/","logo":{"@type":"ImageObject","inLanguage":"pt-PT","@id":"https:\/\/multi-mam.com\/pt\/#\/schema\/logo\/image\/","url":"https:\/\/multi-mam.com\/app\/uploads\/sites\/26\/2023\/04\/multi-mam-logotype.png","contentUrl":"https:\/\/multi-mam.com\/app\/uploads\/sites\/26\/2023\/04\/multi-mam-logotype.png","width":70,"height":96,"caption":"Multi-Mam"},"image":{"@id":"https:\/\/multi-mam.com\/pt\/#\/schema\/logo\/image\/"}}]}},"_links":{"self":[{"href":"https:\/\/multi-mam.com\/pt\/wp-json\/wp\/v2\/pages\/167","targetHints":{"allow":["GET"]}}],"collection":[{"href":"https:\/\/multi-mam.com\/pt\/wp-json\/wp\/v2\/pages"}],"about":[{"href":"https:\/\/multi-mam.com\/pt\/wp-json\/wp\/v2\/types\/page"}],"author":[{"embeddable":true,"href":"https:\/\/multi-mam.com\/pt\/wp-json\/wp\/v2\/users\/2"}],"replies":[{"embeddable":true,"href":"https:\/\/multi-mam.com\/pt\/wp-json\/wp\/v2\/comments?post=167"}],"version-history":[{"count":2,"href":"https:\/\/multi-mam.com\/pt\/wp-json\/wp\/v2\/pages\/167\/revisions"}],"predecessor-version":[{"id":292,"href":"https:\/\/multi-mam.com\/pt\/wp-json\/wp\/v2\/pages\/167\/revisions\/292"}],"up":[{"embeddable":true,"href":"https:\/\/multi-mam.com\/pt\/wp-json\/wp\/v2\/pages\/78"}],"wp:attachment":[{"href":"https:\/\/multi-mam.com\/pt\/wp-json\/wp\/v2\/media?parent=167"}],"wp:term":[{"taxonomy":"from-article-database","embeddable":true,"href":"https:\/\/multi-mam.com\/pt\/wp-json\/wp\/v2\/from-article-database?post=167"}],"curies":[{"name":"wp","href":"https:\/\/api.w.org\/{rel}","templated":true}]}}

A primeira dentição pode causar febre?

<div class="wp-block-karopharma-free-text pt-large pb-large bg-center bg-cover bg-no-repeat  is-style-primary" style="background-image:url()"><div class="free-text-wrapper container max-w-medium text-left">
<h1 class="wp-block-heading">A primeira dentição pode causar febre?</h1>



<p class="is-style-paragraph-preamble">A primeira dentição geralmente ocorre aos 6 meses de idade. Apesar de a ordem de nascimento dos dentes ser geralmente a mesma, a idade em que aparecem pode variar significativamente, por isso não deve ser surpresa se o bebé começar a mostrar sinais de nascimento dos dentes aos três meses. A maioria dos bebés terá toda a dentição de leite até aos 3 anos. Todas as crianças com cerca de 6 anos de idade irão progressivamente substituindo os dentes de leite pelos definitivos. Este processo demora algum tempo, até que os dentes do siso nasçam entre os 17 e os 21 anos de idade.</p>
</div></div>



<div class="wp-block-karopharma-free-text pt-large pb-large bg-center bg-cover bg-no-repeat" style="background-image:url()"><div class="free-text-wrapper container max-w-medium text-left">
<p>O processo de dentição pode ser bastante desconfortável para os bebés e pais. Normalmente inicia-se a cerca de quatro dias antes da erupção do dente pela gengiva e prolonga-se mais três dias. Durante este período, o seu bebé poderá apresentar certos sintomas, incluindo babar excessivamente, irritabilidade, morder, fricção da gengiva, constante sucção, decréscimo do apetite de alimentos sólidos, etc.</p>



<h2 class="is-style-heading-h2 wp-block-heading">Febre alta não é um sinal de dentição</h2>



<p>Existe um mito antigo entre os pais, que diz que a febre pode ser associada ao processo de dentição.</p>



<p>Temperaturas elevadas podem ocorrer durante o processo de erupção do dente. Pode acontecer no dia antes e no dia em que o dente rasga através da gengiva. Contudo, qualquer temperatura mais alta do que 38.9°C não deve ser considerada efeito da dentição, mas sim um sintoma preocupante que deve ser verificado pelo pediatra do seu bebé.</p>



<p>Apesar de pais e especialistas entrarem em desacordo sobre o que são efeitos normais da dentição, todos concordam que sintomas graves não devem ser ignorados e atribuídos à dentição. Por isso, se o seu bebé desenvolver algum destes sintomas durante a dentição:.</p>



<p>Even though both parents and experts sometimes disagree about what are normal side effects of teething, everyone agrees on one thing – serious symptoms should not be ignored and attributed to teething. Therefore, if your baby develops any of the following symptoms while teething:</p>



<ul class="is-style-default wp-block-list"><li>Temperatura mais alta que 38,9°C</li><li>Tosse</li><li>Nariz com expetoração</li><li>Reduz o número de vezes que urina</li><li>Vomita</li><li>Tem diarreia intensa</li></ul>



<p>Contacte o seu médico. Estes sintomas podem ser sinais de infeção e requerem atenção médica para receber o tratamento adequado.</p>
</div></div>

<!-- This site is optimized with the Yoast SEO plugin v26.6 - https://yoast.com/wordpress/plugins/seo/ -->
<title>A primeira dentição pode causar febre? - Multi-Mam</title>
<meta name="description" content="Existe um mito antigo entre os pais, que diz que a febre pode ser associada ao processo de dentição. Temperaturas elevadas podem ocorrer durante o processo de erupção do dente. Pode acontecer no dia antes e no dia em que o dente rasga através da gengiva." />
<meta name="robots" content="index, follow, max-snippet:-1, max-image-preview:large, max-video-preview:-1" />
<link rel="canonical" href="https://multi-mam.com/pt/artigos/primeira-denticao/a-primeira-denticao-pode-causar-febre/" />
<meta property="og:locale" content="pt_PT" />
<meta property="og:type" content="article" />
<meta property="og:title" content="A primeira dentição pode causar febre? - Multi-Mam" />
<meta property="og:description" content="Existe um mito antigo entre os pais, que diz que a febre pode ser associada ao processo de dentição. Temperaturas elevadas podem ocorrer durante o processo de erupção do dente. Pode acontecer no dia antes e no dia em que o dente rasga através da gengiva." />
<meta property="og:url" content="https://multi-mam.com/pt/artigos/primeira-denticao/a-primeira-denticao-pode-causar-febre/" />
<meta property="og:site_name" content="Multi-Mam" />
<meta property="article:modified_time" content="2023-04-20T06:39:55+00:00" />
<meta name="twitter:card" content="summary_large_image" />
<meta name="twitter:label1" content="Tempo estimado de leitura" />
	<meta name="twitter:data1" content="3 minutos" />
<script type="application/ld+json" class="yoast-schema-graph">{"@context":"https://schema.org","@graph":[{"@type":"WebPage","@id":"https://multi-mam.com/pt/artigos/primeira-denticao/a-primeira-denticao-pode-causar-febre/","url":"https://multi-mam.com/pt/artigos/primeira-denticao/a-primeira-denticao-pode-causar-febre/","name":"A primeira dentição pode causar febre? - Multi-Mam","isPartOf":{"@id":"https://multi-mam.com/pt/#website"},"datePublished":"2023-04-18T13:15:34+00:00","dateModified":"2023-04-20T06:39:55+00:00","description":"Existe um mito antigo entre os pais, que diz que a febre pode ser associada ao processo de dentição. Temperaturas elevadas podem ocorrer durante o processo de erupção do dente. Pode acontecer no dia antes e no dia em que o dente rasga através da gengiva.","breadcrumb":{"@id":"https://multi-mam.com/pt/artigos/primeira-denticao/a-primeira-denticao-pode-causar-febre/#breadcrumb"},"inLanguage":"pt-PT","potentialAction":[{"@type":"ReadAction","target":["https://multi-mam.com/pt/artigos/primeira-denticao/a-primeira-denticao-pode-causar-febre/"]}]},{"@type":"BreadcrumbList","@id":"https://multi-mam.com/pt/artigos/primeira-denticao/a-primeira-denticao-pode-causar-febre/#breadcrumb","itemListElement":[{"@type":"ListItem","position":1,"name":"Home","item":"https://multi-mam.com/pt/"},{"@type":"ListItem","position":2,"name":"Artigos","item":"https://multi-mam.com/pt/artigos/"},{"@type":"ListItem","position":3,"name":"Primeira dentição","item":"https://multi-mam.com/pt/artigos/primeira-denticao/"},{"@type":"ListItem","position":4,"name":"A primeira dentição pode causar febre?"}]},{"@type":"WebSite","@id":"https://multi-mam.com/pt/#website","url":"https://multi-mam.com/pt/","name":"Multi-Mam","description":"","publisher":{"@id":"https://multi-mam.com/pt/#organization"},"potentialAction":[{"@type":"SearchAction","target":{"@type":"EntryPoint","urlTemplate":"https://multi-mam.com/pt/?s={search_term_string}"},"query-input":{"@type":"PropertyValueSpecification","valueRequired":true,"valueName":"search_term_string"}}],"inLanguage":"pt-PT"},{"@type":"Organization","@id":"https://multi-mam.com/pt/#organization","name":"Multi-Mam","url":"https://multi-mam.com/pt/","logo":{"@type":"ImageObject","inLanguage":"pt-PT","@id":"https://multi-mam.com/pt/#/schema/logo/image/","url":"https://multi-mam.com/app/uploads/sites/26/2023/04/multi-mam-logotype.png","contentUrl":"https://multi-mam.com/app/uploads/sites/26/2023/04/multi-mam-logotype.png","width":70,"height":96,"caption":"Multi-Mam"},"image":{"@id":"https://multi-mam.com/pt/#/schema/logo/image/"}}]}</script>
<!-- / Yoast SEO plugin. -->

A primeira dentição pode causar febre? - Multi-Mam

Existe um mito antigo entre os pais, que diz que a febre pode ser associada ao processo de dentição. Temperaturas elevadas podem ocorrer durante o processo de erupção do dente. Pode acontecer no dia antes e no dia em que o dente rasga através da gengiva.

Primeira dentição
